{"id":86,"date":"2025-05-05T08:55:06","date_gmt":"2025-05-05T08:55:06","guid":{"rendered":"https:\/\/nicolasgallade.ch\/?page_id=86"},"modified":"2025-05-06T07:09:11","modified_gmt":"2025-05-06T07:09:11","slug":"politik","status":"publish","type":"page","link":"https:\/\/nicolasgallade.ch\/index.php\/politik\/","title":{"rendered":"Meine Politik"},"content":{"rendered":"\n<style type=\"text\/css\" data-created_by=\"avia_inline_auto\" id=\"style-css-av-1h2cl-091f91093aa6c9515c759dd7ac7920cf\">\n.flex_column.av-1h2cl-091f91093aa6c9515c759dd7ac7920cf{\nborder-radius:0px 0px 0px 0px;\npadding:0px 0px 0px 0px;\n}\n<\/style>\n<div  class='flex_column av-1h2cl-091f91093aa6c9515c759dd7ac7920cf av_one_full  avia-builder-el-0  el_before_av_one_third  avia-builder-el-first  first flex_column_div av-zero-column-padding  '     ><p>\n<style type=\"text\/css\" data-created_by=\"avia_inline_auto\" id=\"style-css-av-kykj3o86-179057c66106e2269fe4967957d77248\">\n.avia-image-container.av-kykj3o86-179057c66106e2269fe4967957d77248 img.avia_image{\nbox-shadow:none;\n}\n.avia-image-container.av-kykj3o86-179057c66106e2269fe4967957d77248 .av-image-caption-overlay-center{\ncolor:#ffffff;\n}\n<\/style>\n<div  class='avia-image-container av-kykj3o86-179057c66106e2269fe4967957d77248 av-styling- avia-align-center  avia-builder-el-1  el_before_av_hr  avia-builder-el-first '   itemprop=\"image\" itemscope=\"itemscope\" itemtype=\"https:\/\/schema.org\/ImageObject\" ><div class=\"avia-image-container-inner\"><div class=\"avia-image-overlay-wrap\"><img decoding=\"async\" fetchpriority=\"high\" class='wp-image-74 avia-img-lazy-loading-not-74 avia_image ' src=\"https:\/\/nicolasgallade.ch\/wp-content\/uploads\/2022\/01\/Website-Header_SR.png\" alt='' title='Website-Header_SR'  height=\"430\" width=\"1200\"  itemprop=\"thumbnailUrl\" srcset=\"https:\/\/nicolasgallade.ch\/wp-content\/uploads\/2022\/01\/Website-Header_SR.png 1200w, https:\/\/nicolasgallade.ch\/wp-content\/uploads\/2022\/01\/Website-Header_SR-300x108.png 300w, https:\/\/nicolasgallade.ch\/wp-content\/uploads\/2022\/01\/Website-Header_SR-1030x369.png 1030w, https:\/\/nicolasgallade.ch\/wp-content\/uploads\/2022\/01\/Website-Header_SR-768x275.png 768w, https:\/\/nicolasgallade.ch\/wp-content\/uploads\/2022\/01\/Website-Header_SR-705x253.png 705w\" sizes=\"(max-width: 1200px) 100vw, 1200px\" \/><\/div><\/div><\/div><br \/>\n\n<style type=\"text\/css\" data-created_by=\"avia_inline_auto\" id=\"style-css-av-kn4ybd7b-100599e732e7aae990a9e5710a9d0c8b\">\n#top .hr.hr-invisible.av-kn4ybd7b-100599e732e7aae990a9e5710a9d0c8b{\nheight:20px;\n}\n<\/style>\n<div  class='hr av-kn4ybd7b-100599e732e7aae990a9e5710a9d0c8b hr-invisible  avia-builder-el-2  el_after_av_image  el_before_av_heading '><span class='hr-inner '><span class=\"hr-inner-style\"><\/span><\/span><\/div><br \/>\n\n<style type=\"text\/css\" data-created_by=\"avia_inline_auto\" id=\"style-css-av-kn4ydo5m-919fd33ebb3f17fbe050e073a7ff6c8f\">\n#top .av-special-heading.av-kn4ydo5m-919fd33ebb3f17fbe050e073a7ff6c8f{\npadding-bottom:10px;\n}\nbody .av-special-heading.av-kn4ydo5m-919fd33ebb3f17fbe050e073a7ff6c8f .av-special-heading-tag .heading-char{\nfont-size:25px;\n}\n.av-special-heading.av-kn4ydo5m-919fd33ebb3f17fbe050e073a7ff6c8f .av-subheading{\nfont-size:15px;\n}\n<\/style>\n<div  class='av-special-heading av-kn4ydo5m-919fd33ebb3f17fbe050e073a7ff6c8f av-special-heading-h2 blockquote modern-quote modern-centered  avia-builder-el-3  el_after_av_hr  avia-builder-el-last '><h2 class='av-special-heading-tag '  itemprop=\"headline\"  >\u00abF\u00fcr eine lebenswerte Stadt f\u00fcr alle\u00bb<\/h2><div class=\"special-heading-border\"><div class=\"special-heading-inner-border\"><\/div><\/div><\/div><\/p><\/div>\n\n<style type=\"text\/css\" data-created_by=\"avia_inline_auto\" id=\"style-css-av-2j23h-ffe183826d135cce523f0b6a93798d92\">\n.flex_column.av-2j23h-ffe183826d135cce523f0b6a93798d92{\nborder-radius:0px 0px 0px 0px;\npadding:0px 0px 0px 0px;\n}\n<\/style>\n<div  class='flex_column av-2j23h-ffe183826d135cce523f0b6a93798d92 av_one_third  avia-builder-el-4  el_after_av_one_full  el_before_av_two_third  first flex_column_div av-zero-column-padding  column-top-margin'     ><section  class='av_textblock_section av-85zp-bb34cf0445852f6f9618a9fd1500b8cd '   itemscope=\"itemscope\" itemtype=\"https:\/\/schema.org\/CreativeWork\" ><div class='avia_textblock'  itemprop=\"text\" ><blockquote>\n<p>\u00abSeit meiner Jugend engagiere ich mich f\u00fcr ein soziales, \u00f6kologisches und vielf\u00e4ltiges Winterthur. F\u00fcr eine Stadt, in der man gern lebt. Eine Stadt, in der alle mitmachen und mitbestimmen k\u00f6nnen. Eine Stadt, in der alle die gleichen Chancen und Perspektiven haben. Unabh\u00e4ngig von Herkunft, Geschlecht, Einkommen oder sexueller Orientierung. Daf\u00fcr setze ich mich seit 30 Jahren in der SP ein\u00bb<\/p>\n<\/blockquote>\n<\/div><\/section><br \/>\n\n<style type=\"text\/css\" data-created_by=\"avia_inline_auto\" id=\"style-css-av-kn4ytiej-10aaad6d6dfc24742fe3c9eb073e13e2\">\n#top .hr.hr-invisible.av-kn4ytiej-10aaad6d6dfc24742fe3c9eb073e13e2{\nheight:20px;\n}\n<\/style>\n<div  class='hr av-kn4ytiej-10aaad6d6dfc24742fe3c9eb073e13e2 hr-invisible  avia-builder-el-6  el_after_av_textblock  el_before_av_textblock '><span class='hr-inner '><span class=\"hr-inner-style\"><\/span><\/span><\/div><br \/>\n<section  class='av_textblock_section av-kn4yt544-1d86be3e292f98978869bf09e7d31a68 '   itemscope=\"itemscope\" itemtype=\"https:\/\/schema.org\/CreativeWork\" ><div class='avia_textblock'  itemprop=\"text\" ><h3>Jetzt unterst\u00fctzen!<\/h3>\n<\/div><\/section><\/p><\/div>\n\n<style type=\"text\/css\" data-created_by=\"avia_inline_auto\" id=\"style-css-av-1jf85-1621a59ba90e37ca76dbaa8e61675599\">\n.flex_column.av-1jf85-1621a59ba90e37ca76dbaa8e61675599{\nborder-radius:0px 0px 0px 0px;\npadding:0px 0px 0px 0px;\n}\n<\/style>\n<div  class='flex_column av-1jf85-1621a59ba90e37ca76dbaa8e61675599 av_two_third  avia-builder-el-8  el_after_av_one_third  avia-builder-el-last  flex_column_div av-zero-column-padding  column-top-margin'     ><style type=\"text\/css\" data-created_by=\"avia_inline_auto\" id=\"style-css-av-sstd-4aeffdefd061a0c3545c453a16412a54\">\n#top .av_textblock_section.av-sstd-4aeffdefd061a0c3545c453a16412a54 .avia_textblock{\nfont-size:16px;\n}\n\n@media only screen and (min-width: 990px){ \n#top .av_textblock_section.av-sstd-4aeffdefd061a0c3545c453a16412a54 .avia_textblock{\nfont-size:16px;\n}\n}\n\n@media only screen and (min-width: 768px) and (max-width: 989px){ \n#top .av_textblock_section.av-sstd-4aeffdefd061a0c3545c453a16412a54 .avia_textblock{\nfont-size:16px;\n}\n}\n\n@media only screen and (min-width: 480px) and (max-width: 767px){ \n#top .av_textblock_section.av-sstd-4aeffdefd061a0c3545c453a16412a54 .avia_textblock{\nfont-size:14px;\n}\n}\n\n@media only screen and (max-width: 479px){ \n#top .av_textblock_section.av-sstd-4aeffdefd061a0c3545c453a16412a54 .avia_textblock{\nfont-size:14px;\n}\n}\n<\/style>\n<section  class='av_textblock_section av-sstd-4aeffdefd061a0c3545c453a16412a54 '   itemscope=\"itemscope\" itemtype=\"https:\/\/schema.org\/CreativeWork\" ><div class='avia_textblock'  itemprop=\"text\" ><p>Die letzten Jahre haben uns auf die Probe gestellt. Auf zwei Jahre Coronapandemie folgte der russische Angriffskrieg auf die Ukraine. Mit unermesslichem menschlichem Leid und Millionen von Fl\u00fcchtlingen. Es drohte eine Energiemangellage. Und die Menschen sp\u00fcrten die starke Teuerung, h\u00f6here Lebenshaltungskosten und steigenden Mieten.<\/p>\n<blockquote>\n<p>Was sind die Lehren aus diesen Ereignissen?<br \/>\nEin leistungsf\u00e4higer Staat, der in Notsituationen funktioniert und bei Bedarf in Not geratene Unternehmen und Menschen unterst\u00fctzt, ist zentral<br \/>\nIn unsicheren Zeiten braucht es mehr denn je eine klare Haltung, Grundwerte und Standfestigkeit<br \/>\nUnd wir brauchen soziale Sicherheit: L\u00f6hne und Renten, die zum Leben \u2013 und insbesondere auch zum Wohnen \u2013 reichen.<\/p>\n<\/blockquote>\n<p>Wir haben in Winterthur die Probe bestanden. Denn wir sind diesen Unsicherheiten nicht mit Abschottung, Ausgrenzung, Spaltung und dem Ruf nach autorit\u00e4rer F\u00fchrung begegnet &#8211; wie leider aktuell an vielen Orten der Welt. Unsere Antwort war mehr Solidarit\u00e4t, mehr soziale Gerechtigkeit und mehr Teilhabe.<\/p>\n<p><strong>Mehr Solidarit\u00e4t<\/strong><\/p>\n<p>Der Angriff Russlands auf die Ukraine war und ist auch ein Angriff auf unsere Werte. Auf Demokratie, Rechtsstaatlichkeit und eine freiheitliche Gesellschaft. Deshalb haben wir Flagge gezeigt und Partei ergriffen. Unsere uneingeschr\u00e4nkte Solidarit\u00e4t mit der Ukraine \u2013 mit Symbolen und Taten \u2013 ist wichtig. Seit dem Kriegsausbruch hat sich die Zahl der Gefl\u00fcchteten in Winterthur vervierfacht. Wir konnten diese Menschen unterbringen, unterst\u00fctzen, aufnehmen und zunehmend auch integrieren. Viele Stellen in- und ausserhalb der Stadtverwaltung, private und kirchliche Organisationen und die Winterthurer Bev\u00f6lkerung haben mitgeholfen. Daf\u00fcr bin ich als f\u00fcr die Asylpolitik in Winterthur zust\u00e4ndiger Sozialstadtrat dankbar. Unser Handeln wird verstanden und durch die Bev\u00f6lkerung unterst\u00fctzt. <a href=\"https:\/\/nicolasgallade.ch\/index.php\/2023\/03\/21\/die-stadt-bekommt-probleme-mit-der-googlisierung\/\" target=\"_blank\" rel=\"noopener\">Es macht mich stolz, dass wir eine der gr\u00f6ssten Herausforderungen dieser Legislatur gemeinsam so gut bew\u00e4ltigen konnten.<\/a><\/p>\n<p><strong>Mehr soziale Gerechtigkeit<\/strong><\/p>\n<p>F\u00fcr viele Menschen wurden in den letzten Jahren stark steigende Wohnungsmieten und Preiserh\u00f6hungen zu einem echten Problem. Die Winterthurer Bev\u00f6lkerung will faire L\u00f6hne und Renten. Rund zwei Drittel sagten JA zum Mindestlohn, zur 13. AHV-Rente und zur Pflegeinitiative. Ein klares Zeichen f\u00fcr den Stellenwert sozialpolitischer Themen und die Wertsch\u00e4tzung von Arbeit. <a href=\"https:\/\/nicolasgallade.ch\/index.php\/2023\/05\/23\/ein-lohn-zum-leben\/\" target=\"_blank\" rel=\"noopener\">Die Menschen sollen von ihrer Arbeit und ihrer Rente in W\u00fcrde leben und wohnen k\u00f6nnen.<\/a><\/p>\n<p><strong>Mehr Teilhabe<\/strong><\/p>\n<p>Es ist mir wichtig, dass alle ihren Platz in unserer Gesellschaft haben und sich zugeh\u00f6rig f\u00fchlen. Mindestl\u00f6hne, sichere Renten und bei Bedarf soziale Unterst\u00fctzungsleistungen, die Teilhabe erm\u00f6glichen, sind Voraussetzung daf\u00fcr. Die Menschen m\u00fcssen sich aber auch einbringen, mitmachen, mitbestimmen k\u00f6nnen. In der Jugendf\u00f6rderung haben wir in Oberwinterthur ein Modellprojekt durchgef\u00fchrt und Kinder und Jugendliche einbezogen. Eine Forderung war, sich im \u00f6ffentlichen Raum k\u00fcnstlerisch bet\u00e4tigen zu k\u00f6nnen. Es entstand daraus die <a href=\"https:\/\/nicolasgallade.ch\/index.php\/2023\/12\/24\/lieblingsfarbe-bunt\/\" target=\"_blank\" rel=\"noopener\">Freiluftgalerie an der Hegistrasse<\/a>. 200 Sch\u00fcler:innen und 100 K\u00fcnstler:innen haben die schweizweit l\u00e4ngste Kunstgalerie geschaffen. Die Farbe ins Quartier und ins Leben bringt und an der ich jeden Tag mit dem Velo entlangfahren darf. Letztes Jahr haben wir zur Erarbeitung der Altersstrategie vier Mitwirkungsveranstaltungen mit Senior:innen durchgef\u00fchrt. Die seither erarbeiteten W\u00fcnsche werden nun von den Beteiligten pr\u00e4sentiert.<\/p>\n<p><strong>Es geht um die Menschen<\/strong><\/p>\n<p>Wir haben wichtige Strategien und Konzepte, die wir erarbeiten, umsetzen oder weiterentwickeln. Das ist aber kein Selbstzweck. Sondern sie m\u00fcssen dazu beitragen, die Lebenssituation der Menschen in unserer Stadt zu verbessern.<\/p>\n<p>Unser Projekt zur Reduktion der Fallbelastung f\u00fcr die Mitarbeitenden in der Sozialhilfe sorgte schweizweit f\u00fcr Beachtung und wurde mittlerweile von Dutzenden von Kantonen, St\u00e4dten und Gemeinden adaptiert. Wir konnten nachweisen, dass mit mehr Personal und etwas mehr Zeit in der Beratung die Sozialhilfekosten reduziert und mehr Menschen selbst\u00e4ndig werden k\u00f6nnen. Die beeindruckenden Entwicklungen in den letzten Jahren \u2013 <a href=\"https:\/\/stadt.winterthur.ch\/gemeinde\/verwaltung\/stadtkanzlei\/kommunikation-stadt-winterthur\/medienmitteilungen-stadt-winterthur\/erneut-weniger-personen-in-der-sozialhilfe\" target=\"_blank\" rel=\"noopener\">wir haben einen deutlichen R\u00fcckgang der Sozialhilfequoten und der Kosten<\/a> \u2013 sprechen f\u00fcr sich. Noch anschaulicher sind aber Fallbeispiele, mit denen anschaulich aufzeigen konnten, wie sich die Falllastreduktion und damit verbunden mehr Zeit f\u00fcr Sozialberatung und Vernetzung positiv f\u00fcr die Betroffenen auswirken. Indem sie eine Stelle fanden oder Sozialversicherungsleistungen erhielten.<\/p>\n<p>Das gilt auch f\u00fcr andere, konkrete Beispiele:<\/p>\n<blockquote>\n<p>Etwa <a href=\"https:\/\/www.tagesanzeiger.ch\/stadt-winterthur-schafft-wohnungsangebot-fuer-senioren-mit-kleinem-budget-673277419045\" target=\"_blank\" rel=\"noopener\">die 79-j\u00e4hrige Marianne Leonhardt<\/a>, die ich Ende Februar beim Tag der offenen T\u00fcr im Wohnen mit Service Br\u00fchlgut traf, und die nach langem Suchen dank unserem neuen Angebot eine passende und bezahlbare Wohnung fand, in der sie sich wohl f\u00fchlt.<\/p>\n<p>Oder <a href=\"https:\/\/www.winterthurer-zeitung.ch\/winterthur\/detail\/lernstube-fuer-erwachsene\" target=\"_blank\" rel=\"noopener\">Gregor<\/a>, der als Botschafter bei der Er\u00f6ffnung der Lernstube vorletzten Herbst im Treffpunkt Vogelsang war und erz\u00e4hlt hat, wie ihm der Gang in die Lernstube geholfen hat beim Ausf\u00fcllen diverser Unterlagen: \u00abIch bin als anderer Mensch dort rausgegangen.\u00bb<\/p>\n<p>Oder <a href=\"https:\/\/www.tagesanzeiger.ch\/die-schicht-beginnt-um-drei-uhr-nachts-trotzdem-bleibt-ein-doener-luxus-158923118106\" target=\"_blank\" rel=\"noopener\">Susanna Bosshard<\/a>, die ich dieses Jahr an der 1.-Mai-Feier getroffen habe. Der Landbote hatte sie im Vorfeld zur Abstimmung zur Mindestlohn-Initiative portr\u00e4tiert und eindr\u00fccklich aufgezeigt, was es heisst, im Tieflohnbereich zu arbeiten.<\/p>\n<\/blockquote>\n<p>Diese Begegnungen, diese Menschen motivieren mich. Gerne will ich mich f\u00fcr diese Menschen auch in den kommenden Jahren engagieren. Als Sozialstadtrat. F\u00fcr eine lebenswerte Stadt f\u00fcr alle.<\/p>\n<p><em>Nicolas Gallad\u00e9<\/em><\/p>\n<\/div><\/section><\/div>\n","protected":false},"excerpt":{"rendered":"","protected":false},"author":2,"featured_media":14,"parent":0,"menu_order":2,"comment_status":"closed","ping_status":"closed","template":"","meta":{"footnotes":""},"class_list":["post-86","page","type-page","status-publish","has-post-thumbnail","hentry"],"_links":{"self":[{"href":"https:\/\/nicolasgallade.ch\/index.php\/wp-json\/wp\/v2\/pages\/86","targetHints":{"allow":["GET"]}}],"collection":[{"href":"https:\/\/nicolasgallade.ch\/index.php\/wp-json\/wp\/v2\/pages"}],"about":[{"href":"https:\/\/nicolasgallade.ch\/index.php\/wp-json\/wp\/v2\/types\/page"}],"author":[{"embeddable":true,"href":"https:\/\/nicolasgallade.ch\/index.php\/wp-json\/wp\/v2\/users\/2"}],"replies":[{"embeddable":true,"href":"https:\/\/nicolasgallade.ch\/index.php\/wp-json\/wp\/v2\/comments?post=86"}],"version-history":[{"count":7,"href":"https:\/\/nicolasgallade.ch\/index.php\/wp-json\/wp\/v2\/pages\/86\/revisions"}],"predecessor-version":[{"id":405,"href":"https:\/\/nicolasgallade.ch\/index.php\/wp-json\/wp\/v2\/pages\/86\/revisions\/405"}],"wp:featuredmedia":[{"embeddable":true,"href":"https:\/\/nicolasgallade.ch\/index.php\/wp-json\/wp\/v2\/media\/14"}],"wp:attachment":[{"href":"https:\/\/nicolasgallade.ch\/index.php\/wp-json\/wp\/v2\/media?parent=86"}],"curies":[{"name":"wp","href":"https:\/\/api.w.org\/{rel}","templated":true}]}}